or of 65 and 13.
13
Calculate the greatest common factor of 16 and 120.
8
Calculate the greatest common divisor of 1948 and 4.
4
What is the greatest common factor of 1591 and 172?
43
Calculate the greatest common factor of 496 and 12.
4
What is the greatest common factor of 4700 and 450?
50
What is the greatest common factor of 70 and 15764?
14
What is the greatest common factor of 6 and 892?
2
What is the highest common divisor of 11 and 506?
11
What is the highest common divisor of 63 and 19026?
63
What is the highest common factor of 78 and 26?
26
Calculate the greatest common factor of 208 and 26.
26
What is the greatest common divisor of 3054 and 2?
2
Calculate the highest common factor of 33 and 99.
33
What is the greatest common factor of 675 and 30?
15
What is the highest common factor of 890 and 370?
10
Calculate the highest common factor of 41 and 103.
1
Calculate the greatest common factor of 1668 and 48.
12
Calculate the highest common divisor of 10528 and 141.
47
What is the greatest common factor of 37 and 555?
37
What is the greatest common factor of 30 and 500?
10
Calculate the highest common divisor of 72 and 333.
9
Calculate the highest common factor of 40 and 5430.
10
Calculate the highest common divisor of 4 and 2580.
4
What is the highest common factor of 102 and 7701?
51
Calculate the highest common divisor of 390 and 117.
39
Calculate the highest common factor of 493 and 435.
29
What is the greatest common factor of 25 and 260?
5
What is the greatest common divisor of 2205 and 1715?
245
Calculate the greatest common factor of 14 and 1106.
14
Calculate the highest common factor of 1206 and 938.
134
Calculate the highest common divisor of 330 and 528.
66
Calculate the highest common factor of 12 and 11388.
12
What is the highest common divisor of 15 and 465?
15
Calculate the highest common divisor of 495 and 77.
11
What is the highest common factor of 33 and 2739?
33
What is the highest common divisor of 80 and 72?
8
Calculate the greatest common divisor of 3 and 218.
1
Calculate the greatest common divisor of 18 and 15954.
6
Calculate the highest common divisor of 99 and 363.
33
What is the greatest common factor of 847 and 363?
121
Calculate the greatest common divisor of 4257 and 11.
11
Calculate the highest common factor of 9 and 1179.
9
Calculate the greatest common divisor of 15 and 20.
5
Calculate the greatest common divisor of 23 and 1357.
23
What is the greatest common divisor of 140 and 476?
28
What is the greatest common factor of 12 and 363?
3
What is the highest common divisor of 2562 and 196?
14
Calculate the greatest common factor of 890 and 20.
10
Calculate the highest common divisor of 135 and 105.
15
Calculate the highest common divisor of 27 and 2241.
27
What is the greatest common divisor of 158 and 2?
2
Calculate the greatest common factor of 10 and 32.
2
Calculate the highest common divisor of 510 and 18.
6
Calculate the highest common divisor of 1704 and 24.
24
Calculate the greatest common factor of 729 and 5913.
81
Calculate the highest common divisor of 1077 and 6.
3
What is the greatest common factor of 243 and 6?
3
What is the greatest common factor of 459 and 102?
51
Calculate the highest common factor of 44 and 33.
11
What is the greatest common factor of 35 and 70?
35
Calculate the highest common divisor of 2312 and 204.
68
Calculate the highest common factor of 56 and 12068.
28
Calculate the greatest common divisor of 69 and 6.
3
What is the highest common divisor of 3157 and 385?
77
What is the highest common factor of 82 and 287?
41
Calculate the greatest common factor of 328 and 205.
41
Calculate the greatest common factor of 7943 and 39.
13
Calculate the highest common divisor of 13 and 650.
13
What is the greatest common factor of 520 and 90?
10
Calculate the highest common factor of 120 and 1080.
120
Calculate the highest common factor of 1748 and 92.
92
What is the greatest common divisor of 49 and 196?
49
What is the greatest common divisor of 39 and 5889?
39
Calculate the greatest common divisor of 5 and 405.
5
What is the highest common divisor of 4 and 264?
4
What is the greatest common factor of 8 and 3048?
8
What is the greatest common divisor of 231 and 105?
21
What is the greatest common divisor of 33 and 15?
3
What is the highest common factor of 210 and 9345?
105
Calculate the highest common divisor of 38 and 589.
19
Calculate the greatest common factor of 104 and 1690.
26
Calculate the greatest common factor of 10 and 15.
5
Calculate the greatest common factor of 506 and 1672.
22
Calculate the highest common divisor of 390 and 30.
30
What is the greatest common factor of 810 and 160?
10
Calculate the greatest common divisor of 1179 and 72.
9
Calculate the highest common factor of 165 and 15455.
55
Calculate the highest common factor of 1134 and 168.
42
Calculate the highest common divisor of 50 and 6025.
25
Calculate the highest common divisor of 1348 and 1.
1
What is the highest common divisor of 1188 and 21087?
297
What is the highest common divisor of 455 and 70?
35
What is the highest common divisor of 285 and 6365?
95
Calculate the highest common factor of 38 and 30.
2
What is the greatest common factor of 51 and 935?
17
Calculate the greatest common factor of 977 and 2.
1
What is the greatest common factor of 50 and 300?
50
Calculate the greatest common factor of 852 and 781.
71
Calculate the highest common divisor of 255 and 1105.
85
Calculate the highest common factor of 12 and 26526.
6
What is the greatest common divisor of 266 and 98?
14
Calculate the highest common factor of 48 and 20724.
12
What is the greatest common divisor of 8 and 232?
8
What is the highest common factor of 1025 and 41?
41
Calculate the greatest common factor of 680 and 9656.
136
What is the greatest common divisor of 16 and 288?
16
Calculate the greatest common factor of 2988 and 468.
36
What is the greatest common factor of 155 and 2449?
31
What is the greatest common divisor of 793 and 13?
13
Calculate the highest common factor of 170 and 10.
10
What is the greatest common divisor of 17820 and 45?
45
What is the greatest common factor of 152 and 95?
19
Calculate the highest common factor of 7040 and 1540.
220
Calculate the greatest common factor of 132 and 4092.
132
Calculate the highest common factor of 2 and 7.
1
What is the greatest common divisor of 22 and 60478?
22
Calculate the greatest common factor of 22 and 8.
2
What is the greatest common factor of 1413 and 576?
9
What is the highest common factor of 5489 and 11?
11
What is the greatest common divisor of 176 and 22?
22
Calculate the highest common factor of 100 and 220.
20
Calculate the highest common divisor of 248 and 2344.
8
Calculate the greatest common factor of 23 and 805.
23
Calculate the highest common divisor of 324 and 540.
108
Calculate the highest common factor of 30591 and 594.
297
Calculate the greatest common factor of 152 and 551.
19
Calculate the highest common factor of 330 and 715.
55
Calculate the highest common factor of 5135 and 158.
79
Calculate the greatest common divisor of 49 and 196.
49
Calculate the highest common factor of 105 and 343.
7
What is the highest common factor of 10 and 58?
2
What is the highest common divisor of 198 and 242?
22
What is the highest common divisor of 154 and 42?
14
What is the highest common divisor of 112 and 144?
16
What is the greatest common divisor of 560 and 1260?
140
Calculate the greatest common divisor of 32 and 3376.
16
What is the highest common divisor of 4 and 372?
4
What is the greatest common divisor of 9407 and 23?
23
What is the highest common factor of 117 and 18?
9
Calculate the greatest common factor of 320 and 35.
5
Calculate the highest common divisor of 40 and 2440.
40
What is the greatest common factor of 264 and 3564?
132
What is the highest common factor of 42 and 4914?
42
What is the greatest common divisor of 56 and 1036?
28
What is the highest common divisor of 7564 and 124?
124
Calculate the greatest common divisor of 650 and 900.
50
Calculate the greatest common factor of 344 and 817.
43
What is the greatest common divisor of 154 and 55?
11
Calculate the greatest common divisor of 73251 and 27.
27
What is the highest common factor of 520